11 (base 16) in base 7?
-23
21 (base 5) to base 4
23
Convert 43 (base 11) to base 5.
142
What is -100 (base 3) in base 13?
-9
-10011 (base 2) to base 3
-201
Convert b (base 14) to base 11.
10
What is -10101 (base 2) in base 12?
-19
Convert 3 (base 6) to base 2.
11
102 (base 6) to base 8
46
What is -7 (base 13) in base 7?
-10
12 (base 6) to base 15
8
Convert 123 (base 8) to base 15.
58
-11 (base 12) to base 5
-23
What is -1a (base 14) in base 2?
-11000
Convert -11220 (base 3) to base 8.
-204
Convert -102 (base 5) to base 11.
-25
5f (base 16) to base 15
65
211 (base 4) to base 2
100101
-11 (base 14) to base 7
-21
What is -13 (base 9) in base 14?
-c
Convert 3 (base 10) to base 13.
3
Convert -35 (base 11) to base 5.
-123
-c (base 16) to base 13
-c
-11011001 (base 2) to base 3
-22001
-1 (base 6) to base 9
-1
Convert 49 (base 13) to base 5.
221
What is -10b (base 12) in base 4?
-2123
Convert 242 (base 7) to base 14.
92
Convert -4 (base 14) to base 4.
-10
What is -1 (base 16) in base 14?
-1
Convert 15a (base 11) to base 14.
d4
What is 4 (base 13) in base 8?
4
22 (base 6) to base 2
1110
-1000 (base 2) to base 5
-13
Convert -1 (base 14) to base 3.
-1
Convert 0 (base 15) to base 14.
0
35 (base 15) to base 8
62
Convert 8 (base 11) to base 8.
10
Convert -4 (base 6) to base 2.
-100
Convert -12 (base 10) to base 8.
-14
-1 (base 5) to base 6
-1
What is 58 (base 12) in base 15?
48
Convert -1a (base 15) to base 8.
-31
What is 2 (base 11) in base 10?
2
Convert 36 (base 12) to base 14.
30
1d (base 15) to base 3
1001
129 (base 10) to base 12
a9
What is -1 (base 16) in base 4?
-1
35 (base 7) to base 14
1c
12 (base 16) to base 5
33
Convert 31 (base 11) to base 4.
202
What is -4 (base 16) in base 9?
-4
9 (base 14) to base 11
9
Convert -121 (base 3) to base 9.
-17
-20 (base 4) to base 7
-11
Convert 115 (base 9) to base 6.
235
What is 1 (base 6) in base 8?
1
What is -4 (base 15) in base 11?
-4
-45 (base 9) to base 10
-41
0 (base 9) to base 6
0
0 (base 5) to base 14
0
What is -37 (base 14) in base 11?
-45
327 (base 9) to base 4
10030
What is 0 (base 13) in base 3?
0
What is 2b (base 12) in base 3?
1022
-113 (base 6) to base 14
-33
Convert 102 (base 6) to base 12.
32
-4a (base 16) to base 3
-2202
-1121 (base 4) to base 14
-65
What is 0 (base 7) in base 11?
0
What is -58 (base 11) in base 12?
-53
What is -432 (base 5) in base 6?
-313
Convert 102 (base 8) to base 14.
4a
What is 3 (base 16) in base 11?
3
2 (base 6) to base 7
2
Convert 102 (base 3) to base 7.
14
18 (base 11) to base 2
10011
What is -16 (base 8) in base 4?
-32
What is -76 (base 10) in base 12?
-64
What is -33 (base 4) in base 11?
-14
Convert -1 (base 6) to base 5.
-1
Convert 5 (base 16) to base 15.
5
4b (base 15) to base 5
241
1021 (base 3) to base 4
202
71 (base 10) to base 5
241
Convert 1103 (base 4) to base 16.
53
-235 (base 7) to base 16
-7c
What is 1 (base 11) in base 7?
1
What is 44 (base 8) in base 16?
24
What is -11000 (base 2) in base 13?
-1b
Convert 99 (base 10) to base 5.
344
-9b (base 15) to base 7
-266
What is -2 (base 12) in base 10?
-2
Convert -55 (base 9) to base 12.
-42
-5 (base 16) to base 4
-11
What is -43 (base 10) in base 14?
-31
Convert -11 (base 12) to base 4.
-31
-7 (base 16) to base 10
-7
-100 (base 10) to base 4
-1210
1 (base 8) to base 11
1
Convert 2d (base 14) to base 13.
32
Convert 33 (base 8) to base 11.
25
What is 4 (base 12) in base 9?
4
Convert -116 (base 12) to base 14.
-b8
-20 (base 15) to base 2
-11110
Convert -1 (base 3) to base 4.
-1
3 (base 4) to base 7
3
1002 (base 3) to base 7
41
-6 (base 15) to base 10
-6
a (base 11) to base 10
10
What is 107 (base 14) in base 16?
cb
Convert 20 (base 7) to base 3.
112
Convert -6 (base 13) to base 15.
-6
What is 1 (base 8) in base 12?
1
Convert 13 (base 4) to base 14.
7
What is -40 (base 9) in base 10?
-36
Convert 1241 (base 5) to base 11.
169
Convert 70 (base 14) to base 16.
62
What is b (base 15) in base 3?
102
What is 1121 (base 3) in base 2?
101011
Convert 3 (base 14) to base 5.
3
-1100100 (base 2) to base 5
-400
What is -1 (base 14) in base 8?
-1
Convert 0 (base 5) to base 3.
0
-128 (base 12) to base 15
-bb
40 (base 6) to base 16
18
Convert -3 (base 16) to base 2.
-11
What is -8 (base 16) in base 13?
-8
What is -10010 (base 2) in base 4?
-102
Convert 2 (base 11) to base 5.
2
2 (base 4) to base 7
2
What is 10 (base 5) in base 8?
5
-10 (base 2) to base 11
-2
10 (base 4) to base 8
4
1c (base 13) to base 7
34
Convert -6 (base 9) to base 8.
-6
What is -2 (base 4) in base 6?
-2
Convert 7a (base 11) to base 10.
87
Convert -6 (base 14) to base 11.
-6
Convert 210 (base 5) to base 10.
55
102 (base 3) to base 16
b
Convert -a4 (base 12) to base 10.
-124
What is -11 (base 4) in base 11?
-5
What is -231 (base 5) in base 15?
-46
-20 (base 5) to base 4
-22
What is 1 (base 15) in base 11?
1
61 (base 10) to base 11
56
231 (base 4) to base 5
140
Convert -3 (base 11) to base 4.
-3
20 (base 6) to base 14
c
Convert -1 (base 2) to base 7.
-1
What is 102 (base 6) in base 4?
212
Convert 113 (base 4) to base 9.
25
What is 3 (base 4) in base 5?
3
What is a (base 13) in base 5?
20
12 (base 8) to base 5
20
Convert 1020 (base 3) to base 11.
30
Convert -3 (base 8) to base 4.
-3
What is 106 (base 10) in base 3?
10221
Convert 37 (base 12) to base 2.
101011
Convert -101 (base 11) to base 15.
-82
What is -4 (base 12) in base 2?
-100
Convert 0 (base 16) to base 9.
0
3 (base 10) to base 16
3
Convert -63 (base 13) to base 10.
-81
Convert 1 (base 3) to base 10.
1
What is -12212 (base 3) in base 6?
-422
What is -1121 (base 7) in base 16?
-197
Convert 3223 (base 4) to base 14.
12b
What is -30 (base 13) in base 9?
-43
13 (base 7) to base 14
a
Convert -1010001 (base 2) to base 6.
-213
What is 6 (base 13) in base 12?
6
Convert -14 (base 12) to base 11.
-15
Convert -1 (base 10) to base 7.
-1
Convert -1 (base 11) to base 9.
-1
Convert -1 (base 12) to base 2.
-1
Convert -21 (base 10) to base 11.
-1a
What is 224 (base 6) in base 4?
1120
Convert 45 (base 13) to base 16.
39
Convert b (base 14) to base 11.
10
What is 10 (base 6) in base 9?
6
Convert 110 (base 2) to base 13.
6
Convert -21 (base 3) to base 2.
-111
-3 (base 9) to base 8
-3
What is -4 (base 6) in base 13?
-4
Convert 90 (base 11) to base 7.
201
What is 120 (base 7) in base 2?
111111
-6 (base 13) to base 14
-6
Convert -2 (base 12) to base 2.
-10
What is 213 (base 11) in base 2?
100000000
Convert 22 (base 4) to base 7.
13
4 (base 16) to base 14
4
What is -1 (base 8) in base 7?
-1
Convert -db (base 16) to base 10.
-219
What is 3 (base 12) in base 9?
3
-444 (base 5) to base 2
-1111100
Convert -14 (base 7) to base 3.
-102
-233 (base 5) to base 16
-44
92 (base 13) to base 4
1313
Convert -13 (base 15) to base 12.
-16
What is -1 (base 7) in base 12?
-1
22 (base 4) to base 12
a
Convert -11 (base 9) to base 4.
-22
What is 133 (base 13) in base 3?
21211
What is -101 (base 2) in base 7?
-5
What is 0 (base 12) in base 16?
0
Convert -37 (base 10) to base 6.
-101
-1 (base 7) to base 4
-1
14 (base 16) to base 10
20
-1 (base 9) to base 14
-1
Convert 0 (base 7) to base 12.
0
205 (base 9) to base 16
a7
Convert 21 (base 3) to base 6.
11
Convert 37 (base 14) to base 4.
301
Convert -18c (base 14) to base 8.
-500
What is -12 (base 10) in base 7?
-15
3 (base 9) to base 13
3
Convert 21 (base 3) to base 4.
13
23 (base 4) to base 3
102
What is -66 (base 7) in base 9?
-53
Convert -1d (base 15) to base 3.
-1001
What is 11 (base 13) in base 14?
10
-1c (base 16) to base 2
-11100
What is 3 (base 11) in base 7?
3
-2 (base 6) to base 9
-2
9 (base 11) to base 4
21
20 (base 3) to base 6
10
Convert -6 (base 12) to base 8.
-6
What is 2 (base 3) in base 4?
2
5 (base 10) to base 13
5
-3a (base 11) to base 12
-37
-3 (base 5) to base 16
-3
1 (base 8) to base 9
1
What is 11 (base 5) in base 6?
10
What is 1a5 (base 14) in base 13?
203
What is 103 (base 12) in base 16?
93
Convert -17 (base 13) to base 4.
-110
Convert 1 (base 15) to base 5.
1
21 (base 4) to base 9
10
Convert 7b (base 14) to base 11.
9a
3c (base 15) to base 3
2010
-1 (base 9) to base 14
-1
Convert 12 (base 15) to base 10.
17
What is 50 (base 9) in base 8?
55
What is -1b (base 13) in base 12?
-20
Convert -100000100 (base 2) to base 11.
-217
What is -27 (base 13) in base 10?
-33
Convert 19 (bas